= -2*h - 5*g + t + 8, -h + 2*g + 16 = 0. List the prime factors of h.
2, 3
Let y = -208 - -404. Suppose 8*p + y - 1268 = 0. What are the prime factors of p?
2, 67
Let h = -283 - -475. Suppose -5*v - 27 = -h. Let b = v - 3. What are the prime factors of b?
2, 3, 5
Let m = 78 - 72. What are the prime factors of 268 - 1 - (m + -3 + -3)?
3, 89
List the prime factors of (396/(-7))/(0 - (-6)/(-42)).
2, 3, 11
Let c(m) = -m**2 + 11*m + 6. Suppose -d + 1 = 0, 0 = -2*p + d - 0 + 3. Let k = 3 + p. List the prime factors of c(k).
2, 3
Let c(w) = -w**3 + 8*w**2 - 9*w + 10. Let v be c(7). Let t(z) = -z**2 - 2*z - 6. Let o be t(v). Let f = -10 - o. What are the prime factors of f?
2
Suppose 0*u = -u + 447. Let d be u/9 - 4/(-12). Suppose -5*g - 3*w + 164 = 0, 2*g - d = -0*w + 4*w. What are the prime factors of g?
31
Let l(c) = -c + 1. Let y(n) = -32*n + 61. Let u(q) = -5*l(q) + y(q). List the prime factors of u(-11).
353
Let j(g) = -g**3 + g**2 + 2*g - 1. Let d be j(2). List the prime factors of 2/(d*6)*-36.
2, 3
Let u(f) = -2361*f - 95. What are the prime factors of u(-1)?
2, 11, 103
Let s(y) = 168*y + 99. List the prime factors of s(4).
3, 257
Let m(n) = 2*n**2 + 110*n + 53. List the prime factors of m(27).
4481
Suppose 4*w - 3*f = 20, 27 = 4*w - 5*f + 7. What are the prime factors of w?
5
Suppose 3*z = -2*z + 2640. Suppose 0 = -7*x + x + z. List the prime factors of 4/22 + 4824/x.
5, 11
Let k(b) = b**3 + 6*b**2 - b - 4. Suppose -2*c = -24 - 32. Let a = 23 - c. List the prime factors of k(a).
2, 13
Let k = -5 - -9. Suppose -3*u = 5*n - 94 - 100, u = -k*n + 60. What are the prime factors of u?
2, 17
Let w(p) = p**2 + 92*p + 4529. List the prime factors of w(0).
7, 647
Let u(k) be the second derivative of -k**5/20 + k**4/2 - k**3/2 - 3*k**2 + k. Let g(n) = -5*n + 45. Let t be g(8). What are the prime factors of u(t)?
2
Let z = 42 - 40. Suppose b - 164 = -4*b - z*l, 3*b + 4*l - 90 = 0. What are the prime factors of b?
2, 17
Suppose 3*q - 8748 = -327. What are the prime factors of q?
7, 401
Let n(c) = -c**2 + c + 3. Let y be n(-2). What are the prime factors of 0 + (-4 - -3 - y)?
2
Let x(h) = h**2 + 6*h - 1. Let n be x(-7). Let g be 96/10 - n/(-15). Suppose -g = -w - 2. List the prime factors of w.
2
Let v(s) = s**2 - 4*s - 3. Suppose -3*a - 12 = -0. Let y be v(a). Let f = y + -18. List the prime factors of f.
11
Suppose -2*t - d + 6 = d, 0 = 5*t + 2*d - 9. Let w(u) = -u - 2. Let q be w(5). What are the prime factors of t/(3/9) - q?
2, 5
Let s = -6 + 7. List the prime factors of (80 - s) + 0*(-2)/(-4).
79
Let w(y) = -1837*y + 66. List the prime factors of w(-2).
2, 5, 11, 17
Let l(m) = -16*m - 74. Let r be l(6). Let a = r + 303. List the prime factors of a.
7, 19
Let y be 2*-3 + 1/(-2)*-2. Let b(m) = 2*m**2 - 7*m - 11. List the prime factors of b(y).
2, 37
Let g(b) = -15*b - 16. Let r(d) = 1. Let f(m) = g(m) - 3*r(m). What are the prime factors of f(-7)?
2, 43
Suppose 5*t - 384 = -2*a, -3*a + 3*t + 594 = 6*t. Let b = 399 - a. What are the prime factors of b?
197
Let y(u) = 5*u - 4. Let i be y(-4). Let t be 4*6*(-3)/i. Suppose -27 = -t*h + 48. List the prime factors of h.
5
Let u be 6/(-27) - (-750)/(-27). List the prime factors of 3/(-21) - 1320/u.
47
Let p(x) = -18*x**2 + 20*x**2 - x + 9*x + 11 + 7*x. What are the prime factors of p(-11)?
2, 11
Let z(d) = 24*d + 6*d + 15*d + 12*d - 8. What are the prime factors of z(2)?
2, 53
Suppose -2*n = -2*c - n + 400, 0 = -3*c - 2*n + 600. List the prime factors of c.
2, 5
Let z(h) = h**2 - h + 2. Let p be z(3). Let i = -92 + 96. List the prime factors of 16/6*(p + i).
2
What are the prime factors of (-926)/(-6) + 2 - (-7)/(-21)?
2, 3, 13
Let x(p) = 3*p**2 - 4*p - 5. Let z be x(5). Let c = -32 + z. Suppose -2*g = -26 - c. What are the prime factors of g?
2, 11
Let s(t) = 120*t - 318. List the prime factors of s(25).
2, 3, 149
Let t = -1613 - -2447. List the prime factors of t.
2, 3, 139
Suppose 7*g = 88 + 409. Let h = g - 54. List the prime factors of h.
17
Let f = 2210 + -1183. List the prime factors of f.
13, 79
Suppose 4*p + 28 = 4*n, 0*p - 35 = -5*n + 2*p. Suppose -11*a + n*a = -152. What are the prime factors of a?
2, 19
Let t(q) = -4*q + 5 - 3 - 1. Let c(m) = m**3 - 15*m - 4. Let i be c(-4). What are the prime factors of t(i)?
3, 11
Let n = 8 + -5. Suppose 0 = n*j + 2*o - 10, 0 = 5*j + o - 6 + 1. Suppose 12 = 3*s - j*s. List the prime factors of s.
2
Suppose 4*w - 16 = 3*o, 0*w - 4*w = 4*o - 16. Suppose -z = -w*z, 2*l + 3*z = 20. List the prime factors of l.
2, 5
Let u = 1484 - 251. List the prime factors of u.
3, 137
Suppose 47 = -0*d + d. Suppose -52*m = -d*m - 850. List the prime factors of m.
2, 5, 17
Let d = 423 - -399. List the prime factors of d.
2, 3, 137
Suppose 10*g - 6*g + 252 = 0. Suppose -5*c = 4*s - 456, -5*s - 2*c + c + 591 = 0. Let d = g + s. What are the prime factors of d?
2, 7
Suppose -4398 = -2*b - 2*l, 9606 = 4*b - 3*l + 796. What are the prime factors of b?
31, 71
Let a(m) = -m + 7. Let i be a(-11). Suppose t + 2*t = -i. List the prime factors of (12 - t)*(1 + 0).
2, 3
List the prime factors of (-3)/21 + (-4278)/(-7).
13, 47
Let b(z) = -z**3 + 12*z**2 + 20*z - 31. What are the prime factors of b(13)?
2, 3, 5
Let l = -325 - -229. What are the prime factors of -5 - l/20 - 2712/(-10)?
271
Suppose -9*g = -825 - 327. What are the prime factors of g?
2
Let x = 1363 + -792. Let y = 812 - x. What are the prime factors of y?
241
Let f(s) = -s**3 - 9*s**2 - 8*s + 9. Let v be f(-8). Let l(k) = 2*k - 15. What are the prime factors of l(v)?
3
Let o = 15 - 56. Let p be (33*(-6)/(-54))/(1/(-6)). Let v = p - o. List the prime factors of v.
19
Suppose -9*p + 13651 = 583. What are the prime factors of p?
2, 3, 11
Suppose 5*f = -2 + 17. Suppose -4*q = -f*m - 14, -3*q - 2 + 16 = -4*m. What are the prime factors of (50/(-15))/(m/6)?
2, 5
Let a(d) be the third derivative of 9*d**6/20 - d**5/20 + d**4/8 - d**3/3 - 16*d**2. What are the prime factors of a(1)?
2, 13
Let z be 6/(-27) - (-329)/63. Suppose -5*h - 113 = -4*l + 25, 4*l + z*h - 158 = 0. List the prime factors of l.
37
Suppose 2*s + 176 = -3*b + 5*b, -2*b = 5*s - 141. What are the prime factors of b?
83
List the prime factors of -21*11/((-33)/194).
2, 7, 97
Suppose -b + 5 = 0, 45*q - 44*q = -3*b + 107. What are the prime factors of q?
2, 23
Let b = -67 - -127. Let w = -26 + b. What are the prime factors of w?
2, 17
Let j(n) = -2*n**3 - 2*n**2 - 5*n + 6. Let a(p) = 2*p**3 + p**2 + 4*p - 5. Let t(x) = 3*a(x) + 2*j(x). List the prime factors of t(2).
13
Suppose 3*t - 31 = -4*l, -4*t + 4*l + 5 = 1. Suppose t*d = -2*x + 83, x = -3*x - 2*d + 158. List the prime factors of x.
3, 13
Suppose -42*t + 28*t = -3584. List the prime factors of t.
2
Suppose -1098 = -2*z + 4*i, 0*z - 3*i = 2*z - 1077. Let g = -349 + z. What are the prime factors of g?
2, 97
Let w = 123 - 139. Let o(m) = -7*m + 52. What are the prime factors of o(w)?
2, 41
Let g(p) = p**3 + 9*p**2 - p + 11. Let c be g(-9). Suppose -o - c = -5*o. Suppose -20 = o*d, 4*l + l - d = 44. List the prime factors of l.
2
Let v(f) = f**3 + 9*f**2 - 5*f - 14. Let q = 45 - 52. What are the prime factors of v(q)?
7, 17
Suppose -2*y = -6*y + 160. Suppose y = 6*x - x. Suppose x*a = 3*a + 115. List the prime factors of a.
23
Suppose 5*y = -6*y + 583. What are the prime factors of y?
53
Let i(h) = h**3 - 7*h**2 + 5*h - 49. List the prime factors of i(11).
2, 5, 7
List the prime factors of 16/14 - 1 - (-56484)/189.
13, 23
Let s(y) = -267*y + 37. What are the prime factors of s(-4)?
5, 13, 17
Suppose -1 = -w, 2 = -5*b + 3*w + 14. Suppose -b*o + 521 - 101 = 0. What are the prime factors of o?
2, 5, 7
Let o(k) = 22*k + 6. Let q = -55 - -61. What are the prime factors of o(q)?
2, 3, 23
Let a be (3/(-2))/(1/6). List the prime factors of 114*1*(a + 3)/(-6).
2, 3, 19
Suppose 5*r + 11 = 4*k, -k - 3*r = -6*r - 1. Suppose -3*g + 92 = 2*g - x, -x - 73 = -k*g. What are the prime factors of g?
19
Let j(d) = -d**3 + 19*d**2 + 7*d + 12. Let x be j(16). Suppose -x = 26*n - 30*n. What are the prime factors of n?
223
Suppose -33*v - 32391 = -42*v. List the prime factors of v.
59, 61
List the prime factors of 1*4/((-28)/(-4753)).
7, 97
Suppose 2*l - 2*f + 78 = 0, -2*l - 7*f + 2*f = 78. List the prime factors of l/52 - (-1606)/8.
2, 5
Let h